{"id":655,"date":"2016-08-24T08:45:11","date_gmt":"2016-08-24T08:45:11","guid":{"rendered":"http:\/\/migrateshop.com\/buy2etsy\/?post_type=product&#038;p=655"},"modified":"2021-05-19T10:37:24","modified_gmt":"2021-05-19T10:37:24","slug":"immeuble","status":"publish","type":"product","link":"https:\/\/www.ntumangende.bi\/kir\/product\/immeuble\/","title":{"rendered":"Immeuble \u00e0 vendre"},"content":{"rendered":"","protected":false},"excerpt":{"rendered":"<p>Une maison en \u00e9tage \u00e0 vendre &#8230;.. <a class=\"readmore\" href=\"https:\/\/www.ntumangende.bi\/kir\/product\/immeuble\/\">Continue Reading &rarr;<\/a><\/p>\n","protected":false},"featured_media":2001,"comment_status":"open","ping_status":"closed","template":"","meta":[],"product_cat":[195],"product_tag":[96,107,126,129,149,159],"_links":{"self":[{"href":"https:\/\/www.ntumangende.bi\/kir\/wp-json\/wp\/v2\/product\/655"}],"collection":[{"href":"https:\/\/www.ntumangende.bi\/kir\/wp-json\/wp\/v2\/product"}],"about":[{"href":"https:\/\/www.ntumangende.bi\/kir\/wp-json\/wp\/v2\/types\/product"}],"replies":[{"embeddable":true,"href":"https:\/\/www.ntumangende.bi\/kir\/wp-json\/wp\/v2\/comments?post=655"}],"wp:featuredmedia":[{"embeddable":true,"href":"https:\/\/www.ntumangende.bi\/kir\/wp-json\/wp\/v2\/media\/2001"}],"wp:attachment":[{"href":"https:\/\/www.ntumangende.bi\/kir\/wp-json\/wp\/v2\/media?parent=655"}],"wp:term":[{"taxonomy":"product_cat","embeddable":true,"href":"https:\/\/www.ntumangende.bi\/kir\/wp-json\/wp\/v2\/product_cat?post=655"},{"taxonomy":"product_tag","embeddable":true,"href":"https:\/\/www.ntumangende.bi\/kir\/wp-json\/wp\/v2\/product_tag?post=655"}],"curies":[{"name":"wp","href":"https:\/\/api.w.org\/{rel}","templated":true}]}}